{"id":387,"date":"2018-01-04T14:10:35","date_gmt":"2018-01-04T16:10:35","guid":{"rendered":"https:\/\/demo.pixelburst.net\/themes\/wezen\/?page_id=387"},"modified":"2022-01-24T16:15:51","modified_gmt":"2022-01-24T19:15:51","slug":"contatomarketingmedico","status":"publish","type":"page","link":"https:\/\/www.combustiva.com.br\/index.php\/contatomarketingmedico\/","title":{"rendered":"Contato"},"content":{"rendered":"<p>[vc_section][vc_row gap=&#8221;px-gap-60&#8243; bg=&#8221;image&#8221; bg_position=&#8221;center center&#8221; bg_size=&#8221;cover&#8221; bg_attach=&#8221;fixed&#8221; bg_overlay_mode=&#8221;rgba&#8221; boxed=&#8221;true&#8221; image=&#8221;715&#8243; padd_top=&#8221;360&#8243; padd_bott=&#8221;90&#8243; bg_overlay=&#8221;rgba(5,157,164,0.5)&#8221;][vc_column]<div class=\"px-hero-wrap    px-animate px-animated \" data-delay=\"\" data-animation=\"px-fade-in-down\">\n\n                <div class=\"px-hero  px-font-xxxl px-font-bold  px-letter-1\" style=\"color: #ffffff;\" >\n                    <span class=\"\" style=\"\">Contato<\/span><\/div>\n\n            <\/div>[\/vc_column][\/vc_row][vc_row][vc_column]<div class=\"px-space \" style=\"margin-bottom: 60px\"><\/div>[\/vc_column][\/vc_row][\/vc_section][vc_section][vc_row gap=&#8221;px-gap-60&#8243; boxed=&#8221;true&#8221; marg_bott=&#8221;30&#8243;][vc_column width=&#8221;1\/2&#8243; width_l=&#8221;px-col-l-12&#8243; animation=&#8221;px-fade-in-left&#8221; animated=&#8221;true&#8221; marg_bott=&#8221;30&#8243;]\n<div class=\"wpcf7 no-js\" id=\"wpcf7-f407-o1\" lang=\"en-US\" dir=\"ltr\" data-wpcf7-id=\"407\">\n<div class=\"screen-reader-response\"><p role=\"status\" aria-live=\"polite\" aria-atomic=\"true\"><\/p> <ul><\/ul><\/div>\n<form action=\"\/index.php\/wp-json\/wp\/v2\/pages\/387#wpcf7-f407-o1\" method=\"post\" class=\"wpcf7-form init\" aria-label=\"Contact form\" novalidate=\"novalidate\" data-status=\"init\">\n<fieldset class=\"hidden-fields-container\"><input type=\"hidden\" name=\"_wpcf7\" value=\"407\" \/><input type=\"hidden\" name=\"_wpcf7_version\" value=\"6.1.5\" \/><input type=\"hidden\" name=\"_wpcf7_locale\" value=\"en_US\" \/><input type=\"hidden\" name=\"_wpcf7_unit_tag\" value=\"wpcf7-f407-o1\" \/><input type=\"hidden\" name=\"_wpcf7_container_post\" value=\"0\" \/><input type=\"hidden\" name=\"_wpcf7_posted_data_hash\" value=\"\" \/><input type=\"hidden\" name=\"_wpcf7_recaptcha_response\" value=\"\" \/>\n<\/fieldset>\n<div class=\"px-row px-form\">\n\t<div class=\"px-col-xl-6\">\n\t\t<p><span class=\"wpcf7-form-control-wrap\" data-name=\"your-name\"><input size=\"40\" maxlength=\"400\" class=\"wpcf7-form-control wpcf7-text wpcf7-validates-as-required\" aria-required=\"true\" aria-invalid=\"false\" placeholder=\"Nome\" value=\"\" type=\"text\" name=\"your-name\" \/><\/span>\n\t\t<\/p>\n\t<\/div>\n\t<div class=\"px-col-xl-6\">\n\t\t<p><span class=\"wpcf7-form-control-wrap\" data-name=\"your-email\"><input size=\"40\" maxlength=\"400\" class=\"wpcf7-form-control wpcf7-email wpcf7-validates-as-required wpcf7-text wpcf7-validates-as-email\" aria-required=\"true\" aria-invalid=\"false\" placeholder=\"E-mail\" value=\"\" type=\"email\" name=\"your-email\" \/><\/span>\n\t\t<\/p>\n\t<\/div>\n\t<div class=\"px-col-xl-6\">\n\t\t<p><span class=\"wpcf7-form-control-wrap\" data-name=\"your-phone\"><input size=\"40\" maxlength=\"400\" class=\"wpcf7-form-control wpcf7-text wpcf7-validates-as-required\" aria-required=\"true\" aria-invalid=\"false\" placeholder=\"Telefone\" value=\"\" type=\"text\" name=\"your-phone\" \/><\/span>\n\t\t<\/p>\n\t<\/div>\n\t<div class=\"px-col-xl-6\">\n\t\t<p><span class=\"wpcf7-form-control-wrap\" data-name=\"your-subject\"><input size=\"40\" maxlength=\"400\" class=\"wpcf7-form-control wpcf7-text wpcf7-validates-as-required\" aria-required=\"true\" aria-invalid=\"false\" placeholder=\"Assunto\" value=\"\" type=\"text\" name=\"your-subject\" \/><\/span>\n\t\t<\/p>\n\t<\/div>\n\t<div class=\"px-col-xl-12\">\n\t\t<p><span class=\"wpcf7-form-control-wrap\" data-name=\"your-message\"><textarea cols=\"40\" rows=\"10\" maxlength=\"2000\" class=\"wpcf7-form-control wpcf7-textarea wpcf7-validates-as-required\" aria-required=\"true\" aria-invalid=\"false\" placeholder=\"Mensagem\" name=\"your-message\"><\/textarea><\/span>\n\t\t<\/p>\n\t<\/div>\n\t<div class=\"px-col-xl-12\">\n\t\t<p><input class=\"wpcf7-form-control wpcf7-submit has-spinner\" type=\"submit\" value=\"Enviar\" \/>\n\t\t<\/p>\n\t<\/div>\n<\/div><input type='hidden' class='wpcf7-pum' value='{\"closepopup\":false,\"closedelay\":0,\"openpopup\":false,\"openpopup_id\":0}' \/><div class=\"wpcf7-response-output\" aria-hidden=\"true\"><\/div>\n<\/form>\n<\/div>\n[\/vc_column][vc_column width=&#8221;1\/3&#8243; width_l=&#8221;px-col-l-12&#8243; animation=&#8221;px-fade-in-up&#8221; animated=&#8221;true&#8221; marg_bott=&#8221;60&#8243;]\n\n            <div class=\"px-heading   \" data-delay=\"\" data-animation=\"\"><div class=\"px-title px-sep-title  px-font-s px-letter-1\" style=\"color: #000000\">ENTRE EM CONTATO<\/div><div class=\"px-exc \" style=\"color: inherit; \">Preencha o formul\u00e1rio ao lado e nos conte o que voc\u00ea precisa! Responderemos em breve e<br \/>\nficaremos felizes em ajudar.<\/div><\/div>[\/vc_column][\/vc_row][\/vc_section][vc_section][vc_row gap=&#8221;px-no-gap&#8221; divider=&#8221;polygon&#8221; polygon_path=&#8221;31% 46%, 100% 66%, 100% 100%, 0 100%, 0 67%&#8221; polygon_color=&#8221;#222222&#8243; polygon_height=&#8221;120&#8243;][vc_column]<div id=\"map_69eb6b83f3b11\" data-instance=\"wwp_gmaps_map_69eb6b83f3b11\" class=\"wwp-vc-gmaps-map wpb_content_element\" style=\"height: 550px; width: 100%; \"><div class=\"map_lock\"><\/div><\/div><div id=\"wwp-gmaps-locations-map_69eb6b83f3b11\"><\/div>[\/vc_column][\/vc_row][\/vc_section]<\/p>\n","protected":false},"excerpt":{"rendered":"<p>[vc_section][vc_row gap=&#8221;px-gap-60&#8243; bg=&#8221;image&#8221; bg_position=&#8221;center center&#8221; bg_size=&#8221;cover&#8221; bg_attach=&#8221;fixed&#8221; bg_overlay_mode=&#8221;rgba&#8221; boxed=&#8221;true&#8221; image=&#8221;715&#8243; padd_top=&#8221;360&#8243; padd_bott=&#8221;90&#8243; bg_overlay=&#8221;rgba(5,157,164,0.5)&#8221;][vc_column][\/vc_column][\/vc_row][vc_row][vc_column][\/vc_column][\/vc_row][\/vc_section][vc_section][vc_row gap=&#8221;px-gap-60&#8243; boxed=&#8221;true&#8221; marg_bott=&#8221;30&#8243;][vc_column width=&#8221;1\/2&#8243; width_l=&#8221;px-col-l-12&#8243; animation=&#8221;px-fade-in-left&#8221; animated=&#8221;true&#8221; marg_bott=&#8221;30&#8243;][\/vc_column][vc_column width=&#8221;1\/3&#8243; width_l=&#8221;px-col-l-12&#8243; animation=&#8221;px-fade-in-up&#8221; animated=&#8221;true&#8221; marg_bott=&#8221;60&#8243;][\/vc_column][\/vc_row][\/vc_section][vc_section][vc_row gap=&#8221;px-no-gap&#8221; divider=&#8221;polygon&#8221; polygon_path=&#8221;31% 46%, [&hellip;]<\/p>\n","protected":false},"author":1,"featured_media":0,"parent":0,"menu_order":0,"comment_status":"closed","ping_status":"closed","template":"page-composer.php","meta":{"footnotes":""},"class_list":["post-387","page","type-page","status-publish","hentry","px-post","px-item","px-col-xl-4 px-col-m-6 px-col-s-12"],"yoast_head":"<!-- This site is optimized with the Yoast SEO plugin v27.4 - https:\/\/yoast.com\/product\/yoast-seo-wordpress\/ -->\n<title>Marketing M\u00e9dico | Contato | COMBUSTIVA COMUNICA\u00c7\u00c3O<\/title>\n<meta name=\"description\" content=\"Marketing m\u00e9dico.Conte\u00fado para redes sociais, Google, constru\u00e7\u00e3o de sites. Entre em contato para entender a forma de trabalho e como podemos ajudar.\" \/>\n<meta name=\"robots\" content=\"index, follow, max-snippet:-1, max-image-preview:large, max-video-preview:-1\" \/>\n<link rel=\"canonical\" href=\"https:\/\/www.combustiva.com.br\/index.php\/contatomarketingmedico\/\" \/>\n<meta property=\"og:locale\" content=\"pt_BR\" \/>\n<meta property=\"og:type\" content=\"article\" \/>\n<meta property=\"og:title\" content=\"Marketing M\u00e9dico | Contato | COMBUSTIVA COMUNICA\u00c7\u00c3O\" \/>\n<meta property=\"og:description\" content=\"Marketing m\u00e9dico.Conte\u00fado para redes sociais, Google, constru\u00e7\u00e3o de sites. Entre em contato para entender a forma de trabalho e como podemos ajudar.\" \/>\n<meta property=\"og:url\" content=\"https:\/\/www.combustiva.com.br\/index.php\/contatomarketingmedico\/\" \/>\n<meta property=\"og:site_name\" content=\"Combustiva\" \/>\n<meta property=\"article:modified_time\" content=\"2022-01-24T19:15:51+00:00\" \/>\n<meta name=\"twitter:card\" content=\"summary_large_image\" \/>\n<meta name=\"twitter:label1\" content=\"Est. tempo de leitura\" \/>\n\t<meta name=\"twitter:data1\" content=\"1 minuto\" \/>\n<!-- \/ Yoast SEO plugin. -->","yoast_head_json":{"title":"Marketing M\u00e9dico | Contato | COMBUSTIVA COMUNICA\u00c7\u00c3O","description":"Marketing m\u00e9dico.Conte\u00fado para redes sociais, Google, constru\u00e7\u00e3o de sites. Entre em contato para entender a forma de trabalho e como podemos ajudar.","robots":{"index":"index","follow":"follow","max-snippet":"max-snippet:-1","max-image-preview":"max-image-preview:large","max-video-preview":"max-video-preview:-1"},"canonical":"https:\/\/www.combustiva.com.br\/index.php\/contatomarketingmedico\/","og_locale":"pt_BR","og_type":"article","og_title":"Marketing M\u00e9dico | Contato | COMBUSTIVA COMUNICA\u00c7\u00c3O","og_description":"Marketing m\u00e9dico.Conte\u00fado para redes sociais, Google, constru\u00e7\u00e3o de sites. Entre em contato para entender a forma de trabalho e como podemos ajudar.","og_url":"https:\/\/www.combustiva.com.br\/index.php\/contatomarketingmedico\/","og_site_name":"Combustiva","article_modified_time":"2022-01-24T19:15:51+00:00","twitter_card":"summary_large_image","twitter_misc":{"Est. tempo de leitura":"1 minuto"},"schema":{"@context":"https:\/\/schema.org","@graph":[{"@type":"WebPage","@id":"https:\/\/www.combustiva.com.br\/index.php\/contatomarketingmedico\/","url":"https:\/\/www.combustiva.com.br\/index.php\/contatomarketingmedico\/","name":"Marketing M\u00e9dico | Contato | COMBUSTIVA COMUNICA\u00c7\u00c3O","isPartOf":{"@id":"https:\/\/www.combustiva.com.br\/#website"},"datePublished":"2018-01-04T16:10:35+00:00","dateModified":"2022-01-24T19:15:51+00:00","description":"Marketing m\u00e9dico.Conte\u00fado para redes sociais, Google, constru\u00e7\u00e3o de sites. Entre em contato para entender a forma de trabalho e como podemos ajudar.","breadcrumb":{"@id":"https:\/\/www.combustiva.com.br\/index.php\/contatomarketingmedico\/#breadcrumb"},"inLanguage":"pt-BR","potentialAction":[{"@type":"ReadAction","target":["https:\/\/www.combustiva.com.br\/index.php\/contatomarketingmedico\/"]}]},{"@type":"BreadcrumbList","@id":"https:\/\/www.combustiva.com.br\/index.php\/contatomarketingmedico\/#breadcrumb","itemListElement":[{"@type":"ListItem","position":1,"name":"In\u00edcio","item":"https:\/\/www.combustiva.com.br\/"},{"@type":"ListItem","position":2,"name":"Contato"}]},{"@type":"WebSite","@id":"https:\/\/www.combustiva.com.br\/#website","url":"https:\/\/www.combustiva.com.br\/","name":"Combustiva","description":"A ag\u00eancia de comunica\u00e7\u00e3o especializada em Medicina","publisher":{"@id":"https:\/\/www.combustiva.com.br\/#organization"},"potentialAction":[{"@type":"SearchAction","target":{"@type":"EntryPoint","urlTemplate":"https:\/\/www.combustiva.com.br\/?s={search_term_string}"},"query-input":{"@type":"PropertyValueSpecification","valueRequired":true,"valueName":"search_term_string"}}],"inLanguage":"pt-BR"},{"@type":"Organization","@id":"https:\/\/www.combustiva.com.br\/#organization","name":"Combustiva - Marketing M\u00e9dico","url":"https:\/\/www.combustiva.com.br\/","logo":{"@type":"ImageObject","inLanguage":"pt-BR","@id":"https:\/\/www.combustiva.com.br\/#\/schema\/logo\/image\/","url":"https:\/\/www.combustiva.com.br\/wp-content\/uploads\/projeto-combustiva-full.png","contentUrl":"https:\/\/www.combustiva.com.br\/wp-content\/uploads\/projeto-combustiva-full.png","width":500,"height":500,"caption":"Combustiva - Marketing M\u00e9dico"},"image":{"@id":"https:\/\/www.combustiva.com.br\/#\/schema\/logo\/image\/"}}]}},"_links":{"self":[{"href":"https:\/\/www.combustiva.com.br\/index.php\/wp-json\/wp\/v2\/pages\/387","targetHints":{"allow":["GET"]}}],"collection":[{"href":"https:\/\/www.combustiva.com.br\/index.php\/wp-json\/wp\/v2\/pages"}],"about":[{"href":"https:\/\/www.combustiva.com.br\/index.php\/wp-json\/wp\/v2\/types\/page"}],"author":[{"embeddable":true,"href":"https:\/\/www.combustiva.com.br\/index.php\/wp-json\/wp\/v2\/users\/1"}],"replies":[{"embeddable":true,"href":"https:\/\/www.combustiva.com.br\/index.php\/wp-json\/wp\/v2\/comments?post=387"}],"version-history":[{"count":21,"href":"https:\/\/www.combustiva.com.br\/index.php\/wp-json\/wp\/v2\/pages\/387\/revisions"}],"predecessor-version":[{"id":1992,"href":"https:\/\/www.combustiva.com.br\/index.php\/wp-json\/wp\/v2\/pages\/387\/revisions\/1992"}],"wp:attachment":[{"href":"https:\/\/www.combustiva.com.br\/index.php\/wp-json\/wp\/v2\/media?parent=387"}],"curies":[{"name":"wp","href":"https:\/\/api.w.org\/{rel}","templated":true}]}}